inder when 4221 is divided by m(-7).
3
Suppose 35*m + 67 - 371 = -41*m. Calculate the remainder when 3835 is divided by m.
3
Suppose 136*x - 19428 + 8762 = 8102. Calculate the remainder when 1376 is divided by x.
134
Let s = 137 - 145. Calculate the remainder when (-258)/s*28/21 is divided by 22.
21
Let a(r) = 93*r**2 + 697*r - 8. What is the remainder when a(-8) is divided by 19?
7
Let p(z) = -3*z - 64. Let s be p(-22). Suppose -n + 4*w = -6*n + 317, -s*n + 3*w + 113 = 0. Let u = n + -41. What is the remainder when 58 is divided by u?
18
Let j = -1459 - -1468. Suppose 0 = -4*y - 5*m - 12, 4*y = -6*m + 4*m. Suppose -38 - 6 = -y*q. Calculate the remainder when q is divided by j.
4
Suppose -2*a + i - 3 = -14, 3*a = -5*i + 10. Let p = a + 6. Calculate the remainder when ((-62)/6)/((-76)/228) is divided by p.
9
Let z(t) = -t**2 - 9*t - 3. Suppose -11*v - 48 = -27*v. Suppose 0 = -v*q + 149 - 17. What is the remainder when q is divided by z(-6)?
14
Let z be -2 - (-166 + -1 + 10/2). Suppose 64 = -6*u + z. Calculate the remainder when (-1 - 2/4)*-30 is divided by u.
13
What is the remainder when (-2)/(-7) - 388/(-14) is divided by 306/21 + (-15)/(-35)?
13
Suppose 50*o - 18*o = 23*o + 243. Calculate the remainder when 432 is divided by o.
0
Let x be 8/24 - (-1)/(-3). Let w(f) = -f**2 + 2*f + 91. Let j be w(x). Let b = j + -71. Calculate the remainder when 59 is divided by b.
19
Suppose 24*r = 17*r - 21. Let k be 12/(-36)*23*r. Suppose -4*g = y - 9, -5*y + 43 = -g - k. What is the remainder when 77 is divided by y?
12
Let b(z) = -24 - z**2 + 118*z - 1 - 106*z. Let k be b(9). Suppose k*n - 3*v = 391, n - 4*v - 196 = -2*v. Calculate the remainder when n is divided by 49.
47
Let z(h) = h**3 + h**2 + 6. Let q be z(0). Calculate the remainder when -1*(-2)/q*255 is divided by 9 + (8 - (-78)/(-13)).
8
Let q be 4/((-131)/22 - -6). Suppose 141*c - q = 137*c. Calculate the remainder when 83 is divided by c.
17
Suppose 0 = 5*y + 20 - 65. Calculate the remainder when (-51 + 4 + -36)/((-1)/3) is divided by y.
6
Let x = 171 + -154. Let r be -1 - (-338 - (-6 - -3)). Suppose -130 = -2*q - 4*s, r = q + 4*q + s. What is the remainder when q is divided by x?
16
Let r(d) = d**3 - 12*d**2 - 34*d + 15. Let a be r(15). Suppose -4*u + 4*f = 7*f - 261, -3*f = -3*u + a. What is the remainder when 187 is divided by u?
61
Let m(x) = 4*x**2 - x. Let v be m(1). Suppose 14*w + 22 = 15*w - v*u, -2*w = 4*u - 94. What is the remainder when w is divided by 6?
1
Let i(j) = j**2 + 9*j - 10. Suppose 12366 = 64*d - 1394. Calculate the remainder when d is divided by i(-11).
11
Let m be 21 + -3 + (1 - -1). Suppose 2*z + 25 = k, -2*k + 2*z + m = -34. What is the remainder when 1022/292 + 636/8 is divided by k?
25
Let b = -1483 + 1556. Calculate the remainder when 421 is divided by b.
56
Suppose -5*q + 4*o = -19505, -12*o + 11*o - 11710 = -3*q. Calculate the remainder when q is divided by 9.
8
Let k(y) = -468*y - 6514. Calculate the remainder when k(-49) is divided by 138.
134
Let y(s) = -s**2 - 35*s + 1908. Suppose 2*d = -1 - 7. Let n = d - -31. Calculate the remainder when y(29) is divided by n.
25
Suppose v + 0*v - 5*r = 308, 0 = r + 5. Let m = v - 216. Calculate the remainder when m is divided by 7.
4
Let b(q) = 14*q + 3. Let k be 2/5 + 804/(-10). Calculate the remainder when (k/6)/((-14)/63) is divided by b(2).
29
Suppose -63 - 168 = -3*q. Calculate the remainder when q is divided by (-631 - -638) + ((-10)/(-8))/(2/40).
13
Let s = -2243 - -2285. What is the remainder when 751 is divided by s?
37
Let y(o) = 20*o**2 + 1. Let a(i) = -i**2 - 30*i + 291. What is the remainder when a(-37) is divided by y(1)?
11
Let z = 11291 - 10404. Calculate the remainder when z is divided by 282.
41
Suppose 4*j = 3*d + 1852 + 1137, -2959 = -4*j - 7*d. What is the remainder when j is divided by 41?
7
Let h(w) = -w**2 - 683*w - 23670. Calculate the remainder when h(-37) is divided by ((-1)/2)/((-2)/156).
37
What is the remainder when 1083 is divided by (-4 - 7299/(-9))*-3*8/(-72)?
7
Let n be (-641)/(-2) + 1/(-2). Suppose 4*j - n = -j. Let d(a) = -a**3 - 32*a**2 - 32*a - 9. What is the remainder when j is divided by d(-31)?
20
Let j(t) = 2*t**3 - 90*t**2 + 187*t - 26. Calculate the remainder when j(43) is divided by 29.
10
Let j(b) = 59*b**3 + b. Let d be j(1). Let z = -58 + d. Suppose -z*a - 21 = -95. Calculate the remainder when a is divided by 10.
7
Suppose -c - 18*c + 88815 - 26020 = 0. What is the remainder when c is divided by 207?
200
Let p be 707/(-2)*(-7 - -9). Let b = 732 + p. Calculate the remainder when 598 is divided by b.
23
Let o = -410 - -903. What is the remainder when o is divided by 19?
18
Let l(v) = v**2 - 1. Let y(z) = -171*z**2 - z - 3. Let i(s) = 3*l(s) - y(s). Suppose -365*n - 352 = -373*n. Calculate the remainder when i(1) is divided by n.
43
Suppose 103 = y + 100. Let r be (-18)/((-4)/12*-2*y). What is the remainder when 16 is divided by ((-6)/r)/((-6)/(-36))?
0
Let x = -208 - -210. Suppose -3*k - k + x*n = -110, k = 5*n + 23. Calculate the remainder when k is divided by 15.
13
Suppose 3*a + 29*n - 30*n - 3478 = 0, a - 1174 = 4*n. Calculate the remainder when a is divided by 43.
40
Let p = 112688 + -112652. Suppose -4*c + 83 - 22 = 5*u, 5*c - 3*u = 104. Calculate the remainder when p is divided by c.
17
Suppose -5*b - w = -1485, -8*b - 914 = -11*b + 4*w. Let z = b + -232. Calculate the remainder when z is divided by 16.
2
Let k(d) = d**2 + 3*d - 2. Let o = 65887 - 65883. What is the remainder when k(3) is divided by o?
0
Let q be (2/18*15)/(1/(-87)). Calculate the remainder when (-3198)/(-4) - q/(-58) is divided by 17.
15
Suppose 5*b = -15*n + 14*n + 314, -n - 1 = 0. What is the remainder when 72 is divided by b?
9
What is the remainder when 5222 is divided by (260/(-325))/((-4)/55)?
8
Let m = 422 + -341. What is the remainder when 590 is divided by (0 + 111/(-4))*(-216)/m?
72
Calculate the remainder when 6*31/93*471/6 is divided by 87.
70
Let u(p) = -p**2 - 25*p - 34. What is the remainder when 10335 is divided by u(-22)?
31
What is the remainder when (4 - ((-14872)/18 + -8)) + (-8)/36 is divided by 105?
103
Suppose 0 = -y - 4*y + 710. Calculate the remainder when y is divided by (7/(-35))/(8/30) - 1875/(-100).
16
Let w(b) = b**3 + 36*b**2 + 37*b + 74. Suppose 2*y - 3 = 5. Suppose -3*f - f = -3*m, -y*f = 2*m - 20. Calculate the remainder when w(-35) is divided by m.
0
Suppose 127*y = -4*y + 109123. What is the remainder when y is divided by 69?
5
Let o(i) = 2*i**3 - 4*i**2 + 71. Let d = 75 + -26. Suppose 0*v + 16 = v - 4*w, -4*v + d = -w. What is the remainder when o(0) is divided by v?
11
Suppose -142 = 2*x - 178. Calculate the remainder when 50 is divided by x.
14
Suppose -y + 3*r + 170 - 18 = 0, y + 3*r = 164. Let o be (-92)/(-6)*(40/8 + 19). Suppose 58*x - o = 42*x. Calculate the remainder when y is divided by x.
20
Let b = 33 + -16. Calculate the remainder when b is divided by (-3)/(18/(-21)) + 24/16.
2
Let k(y) = -y**3 - 22*y**2 - 5*y - 57. Let j be k(-22). Suppose -4*z + 5*g = -j, 4*g = 2*z - 9 - 13. Calculate the remainder when z is divided by 10.
7
Suppose -4*k + 553 - 53 = 0. Let w(h) = -h**3 + 26*h + 11. Calculate the remainder when k is divided by w(5).
13
Let b = -94 - -97. What is the remainder when 2/(-15) + (-2110)/(-75) + -13 is divided by b?
0
Suppose 0 = -50*u + 49*u + 4*z + 1017, 7*u = -3*z + 7274. Calculate the remainder when u is divided by 19.
11
What is the remainder when 2280 is divided by (-8099)/(-105) + -1 + (-5 - 365/(-75))?
0
Let j = 1303 - 357. Let i = -878 + j. What is the remainder when i is divided by 4?
0
Suppose -1772*n + 984 = -1766*n. Let f = -315 - -219. Let m = f + n. Calculate the remainder when m is divided by 22.
2
Suppose 2*k - 16 = 2*c, 2*k + 8*c - 46 = 40. Let x(y) = 2*y**2 - 6*y. Calculate the remainder when x(6) is divided by k.
6
Let v be -2*(-5 - (-66)/12). What is the remainder when (-1)/((3*(-1)/(-51))/v) is divided by 3?
2
Let l = 6607 + -6544. What is the remainder when 306 is divided by l?
54
Let i = -174 - -177. Suppose 3*l = -3*k + 198, -196 = -i*l - 3*k - k. Calculate the remainder when l is divided by 36.
32
Let g be (714/56)/3 + (-2)/8. Calculate the remainder when (-5 + 17 - g) + 125 is divided by 26.
3
Suppose 26400 = 11